when 75816 is divided by 2236.
2028
What is the remainder when 10809318 is divided by 2702319?
42
Calculate the remainder when 887505 is divided by 63381.
171
Calculate the remainder when 988073 is divided by 8905.
8523
What is the remainder when 251524 is divided by 87?
7
Calculate the remainder when 72678 is divided by 69818.
2860
What is the remainder when 386204 is divided by 4951?
26
What is the remainder when 223250 is divided by 4376?
74
What is the remainder when 28298 is divided by 9034?
1196
What is the remainder when 73895253 is divided by 31?
26
What is the remainder when 3792645 is divided by 474079?
13
Calculate the remainder when 1303476 is divided by 217.
174
Calculate the remainder when 219773 is divided by 1616.
1613
Calculate the remainder when 355283 is divided by 1652.
103
Calculate the remainder when 236654 is divided by 4080.
14
What is the remainder when 2989043 is divided by 126?
71
Calculate the remainder when 7107588 is divided by 263243.
27
Calculate the remainder when 73850 is divided by 73802.
48
What is the remainder when 2304011 is divided by 36000?
11
What is the remainder when 712264 is divided by 88935?
784
What is the remainder when 62661983 is divided by 4152?
4151
Calculate the remainder when 348009 is divided by 164.
1
Calculate the remainder when 3350173 is divided by 9464.
9381
Calculate the remainder when 223178 is divided by 570.
308
What is the remainder when 20124829 is divided by 680?
229
What is the remainder when 83119768 is divided by 8851?
27
Calculate the remainder when 7593680 is divided by 251.
177
What is the remainder when 2888606 is divided by 30?
26
Calculate the remainder when 1026823 is divided by 5187.
4984
What is the remainder when 4190665 is divided by 1830?
1795
Calculate the remainder when 142549 is divided by 5698.
99
What is the remainder when 5541843 is divided by 1385441?
79
What is the remainder when 189067 is divided by 15755?
7
Calculate the remainder when 837803 is divided by 16.
11
What is the remainder when 33525 is divided by 62?
45
What is the remainder when 64831129 is divided by 558889?
5
What is the remainder when 16533023 is divided by 1091?
9
Calculate the remainder when 540288 is divided by 180095.
3
Calculate the remainder when 4948580 is divided by 235.
185
Calculate the remainder when 5966131 is divided by 221.
15
Calculate the remainder when 19320969 is divided by 11312.
73
What is the remainder when 1147002 is divided by 81902?
374
Calculate the remainder when 255524 is divided by 51050.
274
What is the remainder when 125716 is divided by 1769?
117
Calculate the remainder when 487998 is divided by 29.
15
Calculate the remainder when 175362460 is divided by 51.
31
Calculate the remainder when 423198 is divided by 42294.
258
Calculate the remainder when 2831356 is divided by 796.
780
Calculate the remainder when 2373843 is divided by 16841.
16103
Calculate the remainder when 182825 is divided by 235.
230
What is the remainder when 16345075 is divided by 394?
379
Calculate the remainder when 28592 is divided by 2824.
352
What is the remainder when 450352 is divided by 150108?
28
Calculate the remainder when 1059462 is divided by 3429.
3330
Calculate the remainder when 8777474 is divided by 528.
2
Calculate the remainder when 6325062 is divided by 395316.
6
What is the remainder when 1063405204 is divided by 9?
7
Calculate the remainder when 167799 is divided by 14991.
2898
What is the remainder when 2212930 is divided by 348?
346
What is the remainder when 71917501 is divided by 20?
1
Calculate the remainder when 13376 is divided by 11978.
1398
What is the remainder when 1067333 is divided by 227?
206
Calculate the remainder when 350841 is divided by 23311.
1176
What is the remainder when 261658 is divided by 4589?
85
Calculate the remainder when 171445 is divided by 258.
133
What is the remainder when 182839061 is divided by 141?
131
Calculate the remainder when 1919370 is divided by 198.
156
What is the remainder when 10499634 is divided by 90514?
10
Calculate the remainder when 261927951 is divided by 1505333.
9
What is the remainder when 125072 is divided by 4012?
700
Calculate the remainder when 175337 is divided by 7267.
929
What is the remainder when 13994188 is divided by 4664724?
16
What is the remainder when 5862372 is divided by 8?
4
What is the remainder when 131576 is divided by 65149?
1278
Calculate the remainder when 439569 is divided by 1143.
657
What is the remainder when 34432212 is divided by 545?
202
Calculate the remainder when 96281638 is divided by 65.
63
What is the remainder when 14142449 is divided by 2357067?
47
What is the remainder when 1693520 is divided by 6641?
65
Calculate the remainder when 7718886 is divided by 91.
84
What is the remainder when 37144155 is divided by 49?
48
What is the remainder when 1792672 is divided by 149?
53
Calculate the remainder when 13253347 is divided by 12515.
12477
What is the remainder when 10406795 is divided by 31825?
20
What is the remainder when 448563 is divided by 448189?
374
What is the remainder when 407257 is divided by 180?
97
Calculate the remainder when 11277 is divided by 1538.
511
What is the remainder when 13131507 is divided by 36578?
5
What is the remainder when 362546637 is divided by 4207?
4205
What is the remainder when 39794 is divided by 1608?
1202
What is the remainder when 1015309 is divided by 126912?
13
Calculate the remainder when 7094103 is divided by 2364698.
9
Calculate the remainder when 5978541 is divided by 338.
335
What is the remainder when 2505566 is divided by 50108?
166
Calculate the remainder when 101800 is divided by 1073.
938
What is the remainder when 88560 is divided by 29436?
252
Calculate the remainder when 11655735 is divided by 62.
45
What is the remainder when 354854 is divided by 177409?
36
What is the remainder when 69356723 is divided by 235?
233
Calculate the remainder when 210516 is divided by 29.
5
Calculate the remainder when 5068647 is divided by 57597.
111
What is the remainder when 293222038 is divided by 185?
183
What is the remainder when 8615116 is divided by 405?
361
What is the remainder when 1794509 is divided by 637?
80
What is the remainder when 841486 is divided by 26286?
334
What is the remainder when 16924 is divided by 778?
586
What is the remainder when 20011902 is divided by 61?
59
What is the remainder when 1142979 is divided by 47624?
3
What is the remainder when 1515501 is divided by 784?
29
Calculate the remainder when 8710745 is divided by 3033.
3002
Calculate the remainder when 3867665 is divided by 3178.
39
What is the remainder when 97921 is divided by 3061?
3030
Calculate the remainder when 1179836413 is divided by 6494.
6493
Calculate the remainder when 296535 is divided by 181.
57
What is the remainder when 152367 is divided by 152358?
9
What is the remainder when 70336 is divided by 24?
16
Calculate the remainder when 3093663 is divided by 21634.
1
What is the remainder when 6529655 is divided by 828?
47
What is the remainder when 15443352 is divided by 1098?
1080
Calculate the remainder when 210413 is divided by 35042.
161
Calculate the remainder when 1220206 is divided by 16713.
157
What is the remainder when 460083 is divided by 460065?
18
What is the remainder when 23165733 is divided by 5?
3
Calculate the remainder when 772650 is divided by 4390.
10
What is the remainder when 1195768 is divided by 20?
8
What is the remainder when 39514255 is divided by 49?
18
Calculate the remainder when 2480 is divided by 1980.
500
Calculate the remainder when 5865453 is divided by 51.
45
What is the remainder when 2100314 is divided by 2100298?
16
What is the remainder when 1991955 is divided by 599?
280
Calculate the remainder when 3520995 is divided by 880244.
19
What is the remainder when 31165179 is divided by 262?
17
Calculate the remainder when 16482101 is divided by 546.
545
Calculate the remainder when 5499075 is divided by 274.
169
What is the remainder when 4202857 is divided by 301?
295
What is the remainder when 522415864 is divided by 17?
16
What is the remainder when 5720094 is divided by 5521?
338
What is the remainder when 19624937 is divided by 2453116?
9
What is the remainder when 395079 is divided by